{"id":697,"date":"2022-04-01T17:04:43","date_gmt":"2022-04-01T15:04:43","guid":{"rendered":"https:\/\/aromaseze.com\/?post_type=product&#038;p=697"},"modified":"2022-04-01T22:46:53","modified_gmt":"2022-04-01T20:46:53","slug":"curso-aromaterapia-holistica","status":"publish","type":"product","link":"https:\/\/aromaseze.com\/index.php\/producto\/curso-aromaterapia-holistica\/","title":{"rendered":"Curso de Aromaterapia Hol\u00edstica"},"content":{"rendered":"<p tabindex=\"1\">Curso completo de Aromaterapia Hol\u00edstica, donde aprender\u00e1s a aplicar los beneficios de los aceites esenciales en tu d\u00eda a d\u00eda y el de los tuyos. Descubrir\u00e1s c\u00f3mo atender las principales afecciones en la esfera f\u00edsica, mental, emocional y espiritual mediante f\u00f3rmulas y sinergias con aceites esenciales. Haremos un recorrido a trav\u00e9s de la Historia, nos adentraremos en la aromaterapia, defini\u00e9ndola y descubriendo como se obtienen los aceites esenciales, vegetales e hidrolatos. Conocer\u00e1s parte de la bioqu\u00edmica de los aceites esenciales, las toxicidades, precauciones, dosificaciones seg\u00fan el grupo de usuario. He dise\u00f1ado tres botiquines de aceites esenciales, aceites vegetales e hidrolatos para ti. Los conoceremos y luego veremos como usarlos mediante diferentes formas de aplicaci\u00f3n. La primera ser\u00e1n diferentes sinergias para tratar las afecciones mas comunes. Despu\u00e9s, haremos un acercamiento a la cosm\u00e9tica natural y aprender\u00e1s a elaborar una crema (que despu\u00e9s podr\u00e1s personalizar seg\u00fan tu necesidad: cosm\u00e9tica, tratamiento, etc ), un serum, un desodorante, una pasta de dientes, un b\u00e1lsamo labial, perfume o colonia, etc.<\/p>\n<p tabindex=\"1\">Tambi\u00e9n conocer\u00e1s unas f\u00f3rmulas para atender a tu mascota, con aceites esenciales.<\/p>\n<p tabindex=\"1\">Finalmente tendr\u00e1s que desarrollar un peque\u00f1o trabajo de fin de curso, donde pondr\u00e1s en pr\u00e1ctica lo aprendido, elaborando tu propia f\u00f3rmula para un tratamiento real.<\/p>\n","protected":false},"excerpt":{"rendered":"<p>Curso completo de Aromaterapia Hol\u00edstica, donde aprender\u00e1s a aplicar los beneficios de los aceites esenciales en tu d\u00eda a d\u00eda y el de los tuyos. Descubrir\u00e1s c\u00f3mo atender las principales afecciones en la esfera f\u00edsica, mental, emocional y espiritual mediante f\u00f3rmulas y sinergias con aceites esenciales. Haremos un recorrido a trav\u00e9s de la Historia, nos [&hellip;]<\/p>\n","protected":false},"featured_media":698,"comment_status":"open","ping_status":"closed","template":"","meta":{"_et_pb_use_builder":"","_et_pb_old_content":"","_et_gb_content_width":""},"product_cat":[29],"product_tag":[],"_links":{"self":[{"href":"https:\/\/aromaseze.com\/index.php\/wp-json\/wp\/v2\/product\/697"}],"collection":[{"href":"https:\/\/aromaseze.com\/index.php\/wp-json\/wp\/v2\/product"}],"about":[{"href":"https:\/\/aromaseze.com\/index.php\/wp-json\/wp\/v2\/types\/product"}],"replies":[{"embeddable":true,"href":"https:\/\/aromaseze.com\/index.php\/wp-json\/wp\/v2\/comments?post=697"}],"wp:featuredmedia":[{"embeddable":true,"href":"https:\/\/aromaseze.com\/index.php\/wp-json\/wp\/v2\/media\/698"}],"wp:attachment":[{"href":"https:\/\/aromaseze.com\/index.php\/wp-json\/wp\/v2\/media?parent=697"}],"wp:term":[{"taxonomy":"product_cat","embeddable":true,"href":"https:\/\/aromaseze.com\/index.php\/wp-json\/wp\/v2\/product_cat?post=697"},{"taxonomy":"product_tag","embeddable":true,"href":"https:\/\/aromaseze.com\/index.php\/wp-json\/wp\/v2\/product_tag?post=697"}],"curies":[{"name":"wp","href":"https:\/\/api.w.org\/{rel}","templated":true}]}}