{"id":703,"date":"2022-04-01T17:11:17","date_gmt":"2022-04-01T15:11:17","guid":{"rendered":"https:\/\/aromaseze.com\/?post_type=product&#038;p=703"},"modified":"2025-04-12T22:24:50","modified_gmt":"2025-04-12T20:24:50","slug":"taller-de-aromaterapia-para-la-mejora-del-sueno","status":"publish","type":"product","link":"https:\/\/aromaseze.com\/index.php\/producto\/taller-de-aromaterapia-para-la-mejora-del-sueno\/","title":{"rendered":"Taller de aromaterapia para la mejora del sue\u00f1o."},"content":{"rendered":"<p>Este taller est\u00e1 dirigido a personas que tienen dificultades para dormir y desean incorporar rutinas saludables y naturales que ayuden en la mejora de la calidad de su sue\u00f1o. Haremos un repaso por la historia de la aromaterapia. Aprenderemos algunos conceptos como qu\u00e9 es la aromaterapia, los aceites esenciales, los hidrolatos, c\u00f3mo usarlos y c\u00f3mo funciona nuestro sistema olfativo. Descubriremos c\u00f3mo el sue\u00f1o ha sido uno de los grandes objetos de estudio para el ser humano. Veremos un botiqu\u00edn de aceites esenciales, un botiqu\u00edn de aceites vegetales y un botiqu\u00edn de hidrolatos con los que formularemos algunas propuestas para mejorar el sue\u00f1o armonioso. Tambi\u00e9n os facilito algunos rituales para el momento de ir a dormir y favorecer la conciliaci\u00f3n del sue\u00f1o.<\/p>\n","protected":false},"excerpt":{"rendered":"<p>Este taller est\u00e1 dirigido a personas que tienen dificultades para dormir y desean incorporar rutinas saludables y naturales que ayuden en la mejora de la calidad de su sue\u00f1o. Haremos un repaso por la historia de la aromaterapia. Aprenderemos algunos conceptos como qu\u00e9 es la aromaterapia, los aceites esenciales, los hidrolatos, c\u00f3mo usarlos y c\u00f3mo [&hellip;]<\/p>\n","protected":false},"featured_media":704,"comment_status":"open","ping_status":"closed","template":"","meta":{"_et_pb_use_builder":"on","_et_pb_old_content":"Este taller est\u00e1 dirigido a personas que tienen dificultades para dormir y desean incorporar rutinas saludables y naturales que ayuden en la mejora de la calidad de su sue\u00f1o. Haremos un repaso por la historia de la aromaterapia. Aprenderemos algunos conceptos como qu\u00e9 es la aromaterapia, los aceites esenciales, los hidrolatos, c\u00f3mo usarlos y c\u00f3mo funciona nuestro sistema olfativo. Descubriremos c\u00f3mo el sue\u00f1o ha sido uno de los grandes objetos de estudio para el ser humano. Veremos un botiqu\u00edn de aceites esenciales, un botiqu\u00edn de aceites vegetales y un botiqu\u00edn de hidrolatos con los que formularemos algunas propuestas para mejorar el sue\u00f1o armonioso. Tambi\u00e9n os facilito algunos rituales para el momento de ir a dormir y favorecer la conciliaci\u00f3n del sue\u00f1o.","_et_gb_content_width":""},"product_cat":[29],"product_tag":[],"_links":{"self":[{"href":"https:\/\/aromaseze.com\/index.php\/wp-json\/wp\/v2\/product\/703"}],"collection":[{"href":"https:\/\/aromaseze.com\/index.php\/wp-json\/wp\/v2\/product"}],"about":[{"href":"https:\/\/aromaseze.com\/index.php\/wp-json\/wp\/v2\/types\/product"}],"replies":[{"embeddable":true,"href":"https:\/\/aromaseze.com\/index.php\/wp-json\/wp\/v2\/comments?post=703"}],"wp:featuredmedia":[{"embeddable":true,"href":"https:\/\/aromaseze.com\/index.php\/wp-json\/wp\/v2\/media\/704"}],"wp:attachment":[{"href":"https:\/\/aromaseze.com\/index.php\/wp-json\/wp\/v2\/media?parent=703"}],"wp:term":[{"taxonomy":"product_cat","embeddable":true,"href":"https:\/\/aromaseze.com\/index.php\/wp-json\/wp\/v2\/product_cat?post=703"},{"taxonomy":"product_tag","embeddable":true,"href":"https:\/\/aromaseze.com\/index.php\/wp-json\/wp\/v2\/product_tag?post=703"}],"curies":[{"name":"wp","href":"https:\/\/api.w.org\/{rel}","templated":true}]}}